{"id":377,"date":"2022-07-09T03:01:51","date_gmt":"2022-07-09T03:01:51","guid":{"rendered":"http:\/\/uniformesbettybarbeitia.com\/?post_type=product&#038;p=377"},"modified":"2024-10-19T21:43:43","modified_gmt":"2024-10-19T21:43:43","slug":"q-112-blanco","status":"publish","type":"product","link":"https:\/\/uniformesbettybarbeitia.com\/index.php\/producto\/q-112-blanco\/","title":{"rendered":"Q-112 (BLANCO)"},"content":{"rendered":"<p style=\"text-align: center;\"><a>\u00bfNo sabes c\u00faales son tus medidas? Gu\u00eda de tallas<\/a><\/p>\n<p><img loading=\"lazy\" class=\"aligncenter wp-image-505 size-full\" src=\"http:\/\/uniformesbettybarbeitia.com\/wp-content\/uploads\/2022\/06\/tallas.jpg\" alt=\"\" width=\"650\" height=\"768\" srcset=\"https:\/\/uniformesbettybarbeitia.com\/wp-content\/uploads\/2022\/06\/tallas.jpg 650w, https:\/\/uniformesbettybarbeitia.com\/wp-content\/uploads\/2022\/06\/tallas-254x300.jpg 254w, https:\/\/uniformesbettybarbeitia.com\/wp-content\/uploads\/2022\/06\/tallas-300x354.jpg 300w, https:\/\/uniformesbettybarbeitia.com\/wp-content\/uploads\/2022\/06\/tallas-600x709.jpg 600w\" sizes=\"(max-width: 650px) 100vw, 650px\" \/><\/p>\n","protected":false},"excerpt":{"rendered":"<p>Conjunto de filipina y pantal\u00f3n para dama. Cuello en V con cierre y p\u00e9ndulo al frente. Pantal\u00f3n corte fit recto.<br \/>\nStretch 95% Poliester, 5% Spandex<\/p>\n<p>LAVABLE | HIPOALERG\u00c9NICO<\/p>\n","protected":false},"featured_media":388,"template":"","meta":{"_joinchat":[]},"product_cat":[18],"product_tag":[],"_links":{"self":[{"href":"https:\/\/uniformesbettybarbeitia.com\/index.php\/wp-json\/wp\/v2\/product\/377"}],"collection":[{"href":"https:\/\/uniformesbettybarbeitia.com\/index.php\/wp-json\/wp\/v2\/product"}],"about":[{"href":"https:\/\/uniformesbettybarbeitia.com\/index.php\/wp-json\/wp\/v2\/types\/product"}],"version-history":[{"count":2,"href":"https:\/\/uniformesbettybarbeitia.com\/index.php\/wp-json\/wp\/v2\/product\/377\/revisions"}],"predecessor-version":[{"id":845,"href":"https:\/\/uniformesbettybarbeitia.com\/index.php\/wp-json\/wp\/v2\/product\/377\/revisions\/845"}],"wp:featuredmedia":[{"embeddable":true,"href":"https:\/\/uniformesbettybarbeitia.com\/index.php\/wp-json\/wp\/v2\/media\/388"}],"wp:attachment":[{"href":"https:\/\/uniformesbettybarbeitia.com\/index.php\/wp-json\/wp\/v2\/media?parent=377"}],"wp:term":[{"taxonomy":"product_cat","embeddable":true,"href":"https:\/\/uniformesbettybarbeitia.com\/index.php\/wp-json\/wp\/v2\/product_cat?post=377"},{"taxonomy":"product_tag","embeddable":true,"href":"https:\/\/uniformesbettybarbeitia.com\/index.php\/wp-json\/wp\/v2\/product_tag?post=377"}],"curies":[{"name":"wp","href":"https:\/\/api.w.org\/{rel}","templated":true}]}}